{"id":80,"date":"2024-09-04T00:09:27","date_gmt":"2024-09-04T00:09:27","guid":{"rendered":"https:\/\/dappro.co\/?page_id=80"},"modified":"2024-09-04T00:13:32","modified_gmt":"2024-09-04T00:13:32","slug":"data","status":"publish","type":"page","link":"https:\/\/dappro.co\/?page_id=80","title":{"rendered":"Data"},"content":{"rendered":"\t\t<div data-elementor-type=\"wp-page\" data-elementor-id=\"80\" class=\"elementor elementor-80\" data-elementor-post-type=\"page\">\n\t\t\t\t<div class=\"elementor-element elementor-element-1b05701 e-con-full e-flex e-con e-parent\" data-id=\"1b05701\" data-element_type=\"container\" data-settings=\"{&quot;background_background&quot;:&quot;classic&quot;}\">\n\t\t<div class=\"elementor-element elementor-element-5604904 e-con-full e-flex e-con e-child\" data-id=\"5604904\" data-element_type=\"container\">\n\t\t\t\t<div class=\"elementor-element elementor-element-dcb5792 elementor-widget elementor-widget-heading\" data-id=\"dcb5792\" data-element_type=\"widget\" data-widget_type=\"heading.default\">\n\t\t\t\t<div class=\"elementor-widget-container\">\n\t\t\t<style>\/*! elementor - v3.23.0 - 05-08-2024 *\/\n.elementor-heading-title{padding:0;margin:0;line-height:1}.elementor-widget-heading .elementor-heading-title[class*=elementor-size-]>a{color:inherit;font-size:inherit;line-height:inherit}.elementor-widget-heading .elementor-heading-title.elementor-size-small{font-size:15px}.elementor-widget-heading .elementor-heading-title.elementor-size-medium{font-size:19px}.elementor-widget-heading .elementor-heading-title.elementor-size-large{font-size:29px}.elementor-widget-heading .elementor-heading-title.elementor-size-xl{font-size:39px}.elementor-widget-heading .elementor-heading-title.elementor-size-xxl{font-size:59px}<\/style><h1 class=\"elementor-heading-title elementor-size-xxl\">Data<\/h1>\t\t<\/div>\n\t\t\t\t<\/div>\n\t\t\t\t<\/div>\n\t\t\t\t<\/div>\n\t\t<div class=\"elementor-element elementor-element-43a7896 e-flex e-con-boxed e-con e-parent\" data-id=\"43a7896\" data-element_type=\"container\">\n\t\t\t\t\t<div class=\"e-con-inner\">\n\t\t<div class=\"elementor-element elementor-element-a5d36b1 e-con-full e-flex e-con e-child\" data-id=\"a5d36b1\" data-element_type=\"container\">\n\t\t\t\t<div class=\"elementor-element elementor-element-39d36bb elementor-widget elementor-widget-image\" data-id=\"39d36bb\" data-element_type=\"widget\" data-widget_type=\"image.default\">\n\t\t\t\t<div class=\"elementor-widget-container\">\n\t\t\t<style>\/*! elementor - v3.23.0 - 05-08-2024 *\/\n.elementor-widget-image{text-align:center}.elementor-widget-image a{display:inline-block}.elementor-widget-image a img[src$=\".svg\"]{width:48px}.elementor-widget-image img{vertical-align:middle;display:inline-block}<\/style>\t\t\t\t\t\t\t\t\t\t<img fetchpriority=\"high\" decoding=\"async\" width=\"316\" height=\"316\" src=\"https:\/\/dappro.co\/wp-content\/uploads\/2024\/09\/logoyfavicon-06-e1725405267530.png\" class=\"attachment-large size-large wp-image-18\" alt=\"\" srcset=\"https:\/\/dappro.co\/wp-content\/uploads\/2024\/09\/logoyfavicon-06-e1725405267530.png 316w, https:\/\/dappro.co\/wp-content\/uploads\/2024\/09\/logoyfavicon-06-e1725405267530-300x300.png 300w, https:\/\/dappro.co\/wp-content\/uploads\/2024\/09\/logoyfavicon-06-e1725405267530-150x150.png 150w\" sizes=\"(max-width: 316px) 100vw, 316px\" \/>\t\t\t\t\t\t\t\t\t\t\t\t\t<\/div>\n\t\t\t\t<\/div>\n\t\t\t\t<\/div>\n\t\t<div class=\"elementor-element elementor-element-d251329 e-con-full e-flex e-con e-child\" data-id=\"d251329\" data-element_type=\"container\">\n\t\t\t\t<div class=\"elementor-element elementor-element-1473b9f elementor-widget elementor-widget-text-editor\" data-id=\"1473b9f\" data-element_type=\"widget\" data-widget_type=\"text-editor.default\">\n\t\t\t\t<div class=\"elementor-widget-container\">\n\t\t\t<style>\/*! elementor - v3.23.0 - 05-08-2024 *\/\n.elementor-widget-text-editor.elementor-drop-cap-view-stacked .elementor-drop-cap{background-color:#69727d;color:#fff}.elementor-widget-text-editor.elementor-drop-cap-view-framed .elementor-drop-cap{color:#69727d;border:3px solid;background-color:transparent}.elementor-widget-text-editor:not(.elementor-drop-cap-view-default) .elementor-drop-cap{margin-top:8px}.elementor-widget-text-editor:not(.elementor-drop-cap-view-default) .elementor-drop-cap-letter{width:1em;height:1em}.elementor-widget-text-editor .elementor-drop-cap{float:left;text-align:center;line-height:1;font-size:50px}.elementor-widget-text-editor .elementor-drop-cap-letter{display:inline-block}<\/style>\t\t\t\t<div id=\"yui_3_17_2_1_1663170010714_74\" class=\"row sqs-row\"><div class=\"col sqs-col-9 span-9\"><div id=\"block-yui_3_17_2_1_1571682046645_26198\" class=\"sqs-block html-block sqs-block-html\" data-block-type=\"2\"><div class=\"sqs-block-content\"><p class=\"\">La revoluci\u00f3n de los datos actual no es impulsada exclusivamente por la enorme y creciente cantidad de datos; es alimentada por tecnolog\u00edas fundamentales que cambian la forma en que reunimos, almacenamos, analizamos y transformamos los datos. La cuesti\u00f3n radica en la validez y relevancia de la informaci\u00f3n, en cuanto a datos exportables para los negocios. Adem\u00e1s, la variedad o heterogeneidad de los datos, hace necesario que estos tengan que ser previamente estructurados.<\/p><p class=\"\">Por esto disponibilidad, ejecucion y acceso de los datos toma mucha importancia en el futuro de los negocios.<\/p><\/div><\/div><\/div><\/div><div id=\"yui_3_17_2_1_1663170010714_102\" class=\"row sqs-row\"><div id=\"yui_3_17_2_1_1663170010714_101\" class=\"col sqs-col-12 span-12\"><div id=\"block-yui_3_17_2_1_1571682046645_27802\" class=\"sqs-block horizontalrule-block sqs-block-horizontalrule\" data-block-type=\"47\">\u00a0<\/div><\/div><\/div>\t\t\t\t\t\t<\/div>\n\t\t\t\t<\/div>\n\t\t\t\t<\/div>\n\t\t\t\t\t<\/div>\n\t\t\t\t<\/div>\n\t\t<div class=\"elementor-element elementor-element-7c5c7de e-flex e-con-boxed e-con e-parent\" data-id=\"7c5c7de\" data-element_type=\"container\">\n\t\t\t\t\t<div class=\"e-con-inner\">\n\t\t\t\t<div class=\"elementor-element elementor-element-a55255d elementor-widget-divider--view-line elementor-widget elementor-widget-divider\" data-id=\"a55255d\" data-element_type=\"widget\" data-widget_type=\"divider.default\">\n\t\t\t\t<div class=\"elementor-widget-container\">\n\t\t\t<style>\/*! elementor - v3.23.0 - 05-08-2024 *\/\n.elementor-widget-divider{--divider-border-style:none;--divider-border-width:1px;--divider-color:#0c0d0e;--divider-icon-size:20px;--divider-element-spacing:10px;--divider-pattern-height:24px;--divider-pattern-size:20px;--divider-pattern-url:none;--divider-pattern-repeat:repeat-x}.elementor-widget-divider .elementor-divider{display:flex}.elementor-widget-divider .elementor-divider__text{font-size:15px;line-height:1;max-width:95%}.elementor-widget-divider .elementor-divider__element{margin:0 var(--divider-element-spacing);flex-shrink:0}.elementor-widget-divider .elementor-icon{font-size:var(--divider-icon-size)}.elementor-widget-divider .elementor-divider-separator{display:flex;margin:0;direction:ltr}.elementor-widget-divider--view-line_icon .elementor-divider-separator,.elementor-widget-divider--view-line_text .elementor-divider-separator{align-items:center}.elementor-widget-divider--view-line_icon .elementor-divider-separator:after,.elementor-widget-divider--view-line_icon .elementor-divider-separator:before,.elementor-widget-divider--view-line_text .elementor-divider-separator:after,.elementor-widget-divider--view-line_text .elementor-divider-separator:before{display:block;content:\"\";border-block-end:0;flex-grow:1;border-block-start:var(--divider-border-width) var(--divider-border-style) var(--divider-color)}.elementor-widget-divider--element-align-left .elementor-divider .elementor-divider-separator>.elementor-divider__svg:first-of-type{flex-grow:0;flex-shrink:100}.elementor-widget-divider--element-align-left .elementor-divider-separator:before{content:none}.elementor-widget-divider--element-align-left .elementor-divider__element{margin-left:0}.elementor-widget-divider--element-align-right .elementor-divider .elementor-divider-separator>.elementor-divider__svg:last-of-type{flex-grow:0;flex-shrink:100}.elementor-widget-divider--element-align-right .elementor-divider-separator:after{content:none}.elementor-widget-divider--element-align-right .elementor-divider__element{margin-right:0}.elementor-widget-divider--element-align-start .elementor-divider .elementor-divider-separator>.elementor-divider__svg:first-of-type{flex-grow:0;flex-shrink:100}.elementor-widget-divider--element-align-start .elementor-divider-separator:before{content:none}.elementor-widget-divider--element-align-start .elementor-divider__element{margin-inline-start:0}.elementor-widget-divider--element-align-end .elementor-divider .elementor-divider-separator>.elementor-divider__svg:last-of-type{flex-grow:0;flex-shrink:100}.elementor-widget-divider--element-align-end .elementor-divider-separator:after{content:none}.elementor-widget-divider--element-align-end .elementor-divider__element{margin-inline-end:0}.elementor-widget-divider:not(.elementor-widget-divider--view-line_text):not(.elementor-widget-divider--view-line_icon) .elementor-divider-separator{border-block-start:var(--divider-border-width) var(--divider-border-style) var(--divider-color)}.elementor-widget-divider--separator-type-pattern{--divider-border-style:none}.elementor-widget-divider--separator-type-pattern.elementor-widget-divider--view-line .elementor-divider-separator,.elementor-widget-divider--separator-type-pattern:not(.elementor-widget-divider--view-line) .elementor-divider-separator:after,.elementor-widget-divider--separator-type-pattern:not(.elementor-widget-divider--view-line) .elementor-divider-separator:before,.elementor-widget-divider--separator-type-pattern:not([class*=elementor-widget-divider--view]) .elementor-divider-separator{width:100%;min-height:var(--divider-pattern-height);-webkit-mask-size:var(--divider-pattern-size) 100%;mask-size:var(--divider-pattern-size) 100%;-webkit-mask-repeat:var(--divider-pattern-repeat);mask-repeat:var(--divider-pattern-repeat);background-color:var(--divider-color);-webkit-mask-image:var(--divider-pattern-url);mask-image:var(--divider-pattern-url)}.elementor-widget-divider--no-spacing{--divider-pattern-size:auto}.elementor-widget-divider--bg-round{--divider-pattern-repeat:round}.rtl .elementor-widget-divider .elementor-divider__text{direction:rtl}.e-con-inner>.elementor-widget-divider,.e-con>.elementor-widget-divider{width:var(--container-widget-width,100%);--flex-grow:var(--container-widget-flex-grow)}<\/style>\t\t<div class=\"elementor-divider\">\n\t\t\t<span class=\"elementor-divider-separator\">\n\t\t\t\t\t\t<\/span>\n\t\t<\/div>\n\t\t\t\t<\/div>\n\t\t\t\t<\/div>\n\t\t\t\t\t<\/div>\n\t\t\t\t<\/div>\n\t\t<div class=\"elementor-element elementor-element-6732e8c e-flex e-con-boxed e-con e-parent\" data-id=\"6732e8c\" data-element_type=\"container\">\n\t\t\t\t\t<div class=\"e-con-inner\">\n\t\t<div class=\"elementor-element elementor-element-dc481a3 e-con-full e-flex e-con e-child\" data-id=\"dc481a3\" data-element_type=\"container\">\n\t\t\t\t<div class=\"elementor-element elementor-element-d8f09cc elementor-widget elementor-widget-heading\" data-id=\"d8f09cc\" data-element_type=\"widget\" data-widget_type=\"heading.default\">\n\t\t\t\t<div class=\"elementor-widget-container\">\n\t\t\t<h1 class=\"elementor-heading-title elementor-size-default\">Soluciones<\/h1>\t\t<\/div>\n\t\t\t\t<\/div>\n\t\t\t\t<\/div>\n\t\t\t\t\t<\/div>\n\t\t\t\t<\/div>\n\t\t<div class=\"elementor-element elementor-element-bd8f598 e-flex e-con-boxed e-con e-parent\" data-id=\"bd8f598\" data-element_type=\"container\">\n\t\t\t\t\t<div class=\"e-con-inner\">\n\t\t<div class=\"elementor-element elementor-element-5944148 e-con-full e-flex e-con e-child\" data-id=\"5944148\" data-element_type=\"container\">\n\t\t\t\t<div class=\"elementor-element elementor-element-7a539b3 elementor-widget elementor-widget-image\" data-id=\"7a539b3\" data-element_type=\"widget\" data-widget_type=\"image.default\">\n\t\t\t\t<div class=\"elementor-widget-container\">\n\t\t\t\t\t\t\t\t\t\t\t\t\t<img decoding=\"async\" width=\"800\" height=\"533\" src=\"https:\/\/dappro.co\/wp-content\/uploads\/2024\/09\/SOLUCIONES-DATA-ICONS-02-1024x682.png\" class=\"attachment-large size-large wp-image-86\" alt=\"\" srcset=\"https:\/\/dappro.co\/wp-content\/uploads\/2024\/09\/SOLUCIONES-DATA-ICONS-02-1024x682.png 1024w, https:\/\/dappro.co\/wp-content\/uploads\/2024\/09\/SOLUCIONES-DATA-ICONS-02-300x200.png 300w, https:\/\/dappro.co\/wp-content\/uploads\/2024\/09\/SOLUCIONES-DATA-ICONS-02-768x512.png 768w, https:\/\/dappro.co\/wp-content\/uploads\/2024\/09\/SOLUCIONES-DATA-ICONS-02-1536x1024.png 1536w, https:\/\/dappro.co\/wp-content\/uploads\/2024\/09\/SOLUCIONES-DATA-ICONS-02.png 1772w\" sizes=\"(max-width: 800px) 100vw, 800px\" \/>\t\t\t\t\t\t\t\t\t\t\t\t\t<\/div>\n\t\t\t\t<\/div>\n\t\t\t\t<div class=\"elementor-element elementor-element-c81ee9d elementor-widget elementor-widget-heading\" data-id=\"c81ee9d\" data-element_type=\"widget\" data-widget_type=\"heading.default\">\n\t\t\t\t<div class=\"elementor-widget-container\">\n\t\t\t<h6 class=\"elementor-heading-title elementor-size-default\">ALMACENAMIENTO (SSD Y FLASH)<br>RESPALDO Y RECUPERACION DE DATOS.\n<br>CONTINUIDAD DE NEGOCIOS\n<\/h6>\t\t<\/div>\n\t\t\t\t<\/div>\n\t\t\t\t<div class=\"elementor-element elementor-element-fa52da9 elementor-widget elementor-widget-text-editor\" data-id=\"fa52da9\" data-element_type=\"widget\" data-widget_type=\"text-editor.default\">\n\t\t\t\t<div class=\"elementor-widget-container\">\n\t\t\t\t\t\t\t<p>\u00a0Consolidamos y mejoramos de formas eficiente las cargas de trabajo de almacenamiento a cualquier escala de manera eficiente, asi como la recuperaci\u00f3n y restauraci\u00f3n de las funciones criticas parciales o totalmente interrumpidas dentro de un tiempo predeterminado despu\u00e9s de una interrupci\u00f3n no deseada o desastre.<\/p>\t\t\t\t\t\t<\/div>\n\t\t\t\t<\/div>\n\t\t\t\t<\/div>\n\t\t<div class=\"elementor-element elementor-element-2c1d203 e-con-full e-flex e-con e-child\" data-id=\"2c1d203\" data-element_type=\"container\">\n\t\t\t\t<div class=\"elementor-element elementor-element-99232e9 elementor-widget elementor-widget-image\" data-id=\"99232e9\" data-element_type=\"widget\" data-widget_type=\"image.default\">\n\t\t\t\t<div class=\"elementor-widget-container\">\n\t\t\t\t\t\t\t\t\t\t\t\t\t<img decoding=\"async\" width=\"800\" height=\"533\" src=\"https:\/\/dappro.co\/wp-content\/uploads\/2024\/09\/SOLUCIONES-DATA-ICONS-01-1024x682.png\" class=\"attachment-large size-large wp-image-85\" alt=\"\" srcset=\"https:\/\/dappro.co\/wp-content\/uploads\/2024\/09\/SOLUCIONES-DATA-ICONS-01-1024x682.png 1024w, https:\/\/dappro.co\/wp-content\/uploads\/2024\/09\/SOLUCIONES-DATA-ICONS-01-300x200.png 300w, https:\/\/dappro.co\/wp-content\/uploads\/2024\/09\/SOLUCIONES-DATA-ICONS-01-768x512.png 768w, https:\/\/dappro.co\/wp-content\/uploads\/2024\/09\/SOLUCIONES-DATA-ICONS-01-1536x1024.png 1536w, https:\/\/dappro.co\/wp-content\/uploads\/2024\/09\/SOLUCIONES-DATA-ICONS-01.png 1772w\" sizes=\"(max-width: 800px) 100vw, 800px\" \/>\t\t\t\t\t\t\t\t\t\t\t\t\t<\/div>\n\t\t\t\t<\/div>\n\t\t\t\t<div class=\"elementor-element elementor-element-8c28427 elementor-widget elementor-widget-heading\" data-id=\"8c28427\" data-element_type=\"widget\" data-widget_type=\"heading.default\">\n\t\t\t\t<div class=\"elementor-widget-container\">\n\t\t\t<h6 class=\"elementor-heading-title elementor-size-default\">SERVIDORES EN SITIO O NUBE.<br>\nDATA CENTERS INTELIGENTES (GABINETES, UPS, ENTRE OTROS ELEMENTOS)<br>\nPC, PORTATILES, WORKSTATIONS.\n<\/h6>\t\t<\/div>\n\t\t\t\t<\/div>\n\t\t\t\t<div class=\"elementor-element elementor-element-e55c15e elementor-widget elementor-widget-text-editor\" data-id=\"e55c15e\" data-element_type=\"widget\" data-widget_type=\"text-editor.default\">\n\t\t\t\t<div class=\"elementor-widget-container\">\n\t\t\t\t\t\t\t<p>Expertos en integraci\u00f3n y puesta en marcha de infraestructura f\u00edsica, virtuales y nube.<\/p>\t\t\t\t\t\t<\/div>\n\t\t\t\t<\/div>\n\t\t\t\t<\/div>\n\t\t<div class=\"elementor-element elementor-element-62efc01 e-con-full e-flex e-con e-child\" data-id=\"62efc01\" data-element_type=\"container\">\n\t\t\t\t<div class=\"elementor-element elementor-element-1685f32 elementor-widget elementor-widget-image\" data-id=\"1685f32\" data-element_type=\"widget\" data-widget_type=\"image.default\">\n\t\t\t\t<div class=\"elementor-widget-container\">\n\t\t\t\t\t\t\t\t\t\t\t\t\t<img loading=\"lazy\" decoding=\"async\" width=\"800\" height=\"533\" src=\"https:\/\/dappro.co\/wp-content\/uploads\/2024\/09\/SOLUCIONES-DATA-ICONS-04-1024x682.png\" class=\"attachment-large size-large wp-image-84\" alt=\"\" srcset=\"https:\/\/dappro.co\/wp-content\/uploads\/2024\/09\/SOLUCIONES-DATA-ICONS-04-1024x682.png 1024w, https:\/\/dappro.co\/wp-content\/uploads\/2024\/09\/SOLUCIONES-DATA-ICONS-04-300x200.png 300w, https:\/\/dappro.co\/wp-content\/uploads\/2024\/09\/SOLUCIONES-DATA-ICONS-04-768x512.png 768w, https:\/\/dappro.co\/wp-content\/uploads\/2024\/09\/SOLUCIONES-DATA-ICONS-04-1536x1024.png 1536w, https:\/\/dappro.co\/wp-content\/uploads\/2024\/09\/SOLUCIONES-DATA-ICONS-04.png 1772w\" sizes=\"(max-width: 800px) 100vw, 800px\" \/>\t\t\t\t\t\t\t\t\t\t\t\t\t<\/div>\n\t\t\t\t<\/div>\n\t\t\t\t<div class=\"elementor-element elementor-element-7256f00 elementor-widget elementor-widget-heading\" data-id=\"7256f00\" data-element_type=\"widget\" data-widget_type=\"heading.default\">\n\t\t\t\t<div class=\"elementor-widget-container\">\n\t\t\t<h6 class=\"elementor-heading-title elementor-size-default\">REDES LAN Y WLAN<br>\nSOC 24X7 CON MDR<br>\nDIRECTORIO ACTIVO, RADIUS Y NAC<\/h6>\t\t<\/div>\n\t\t\t\t<\/div>\n\t\t\t\t<div class=\"elementor-element elementor-element-a41ca58 elementor-widget elementor-widget-text-editor\" data-id=\"a41ca58\" data-element_type=\"widget\" data-widget_type=\"text-editor.default\">\n\t\t\t\t<div class=\"elementor-widget-container\">\n\t\t\t\t\t\t\t<p>Implementamos estrategia para garantizar que sus empleados y proveedores no compartan accidental o intencionalmente datos confidenciales y confidenciales de la empresa fuera de su organizaci\u00f3n. Las acciones pueden incluir detener y bloquear al usuario, alertar a un administrador, solicitar la anulaci\u00f3n de la administraci\u00f3n y m\u00e1s.<\/p>\t\t\t\t\t\t<\/div>\n\t\t\t\t<\/div>\n\t\t\t\t<\/div>\n\t\t\t\t\t<\/div>\n\t\t\t\t<\/div>\n\t\t\t\t<\/div>\n\t\t","protected":false},"excerpt":{"rendered":"<p>Data La revoluci\u00f3n de los datos actual no es impulsada exclusivamente por la enorme y creciente cantidad de datos; es alimentada por tecnolog\u00edas fundamentales que cambian la forma en que reunimos, almacenamos, analizamos y transformamos los datos. La cuesti\u00f3n radica en la validez y relevancia de la informaci\u00f3n, en cuanto a datos exportables para los [&hellip;]<\/p>\n","protected":false},"author":1,"featured_media":0,"parent":0,"menu_order":0,"comment_status":"closed","ping_status":"closed","template":"","meta":{"footnotes":""},"class_list":["post-80","page","type-page","status-publish","hentry"],"_links":{"self":[{"href":"https:\/\/dappro.co\/index.php?rest_route=\/wp\/v2\/pages\/80","targetHints":{"allow":["GET"]}}],"collection":[{"href":"https:\/\/dappro.co\/index.php?rest_route=\/wp\/v2\/pages"}],"about":[{"href":"https:\/\/dappro.co\/index.php?rest_route=\/wp\/v2\/types\/page"}],"author":[{"embeddable":true,"href":"https:\/\/dappro.co\/index.php?rest_route=\/wp\/v2\/users\/1"}],"replies":[{"embeddable":true,"href":"https:\/\/dappro.co\/index.php?rest_route=%2Fwp%2Fv2%2Fcomments&post=80"}],"version-history":[{"count":4,"href":"https:\/\/dappro.co\/index.php?rest_route=\/wp\/v2\/pages\/80\/revisions"}],"predecessor-version":[{"id":89,"href":"https:\/\/dappro.co\/index.php?rest_route=\/wp\/v2\/pages\/80\/revisions\/89"}],"wp:attachment":[{"href":"https:\/\/dappro.co\/index.php?rest_route=%2Fwp%2Fv2%2Fmedia&parent=80"}],"curies":[{"name":"wp","href":"https:\/\/api.w.org\/{rel}","templated":true}]}}